osite number?
False
Is 1044803233 composite?
False
Is 299672273 a composite number?
False
Is 2415361981 composite?
False
Is 15126147499 prime?
False
Is 2761503421 prime?
True
Is 1226078453 composite?
False
Is 3216209981 a prime number?
False
Is 246442071917 composite?
False
Is 547046683 a prime number?
False
Is 1684606943 a composite number?
True
Is 285900187 a prime number?
True
Is 3781327189 a composite number?
True
Is 2328101509 a composite number?
False
Is 2985459563 a composite number?
False
Is 103161656533 a composite number?
True
Is 3052713029 a composite number?
False
Is 7446943579 a prime number?
False
Is 9540919 a composite number?
False
Is 63810537757 prime?
True
Is 2511049361 prime?
False
Is 4706566369 a composite number?
False
Is 2160611897 a prime number?
False
Is 298958417 prime?
True
Is 2762127463 prime?
True
Is 97618177 a prime number?
False
Is 4131947329 composite?
False
Is 5322789413 a prime number?
True
Is 6794297089 prime?
False
Is 10121946787 prime?
True
Is 5144091359 a prime number?
False
Is 519945499 composite?
True
Is 3943134859 a prime number?
True
Is 13812714317 a composite number?
False
Is 481640609 a composite number?
False
Is 14010057923 composite?
True
Is 4295434439 a prime number?
True
Is 11007002261 a composite number?
False
Is 8625088531 prime?
True
Is 239050349 a composite number?
True
Is 347510491 a prime number?
False
Is 1370793097 a composite number?
False
Is 4530602315 composite?
True
Is 12233199841 a composite number?
False
Is 62384801087 a prime number?
False
Is 3397352194 composite?
True
Is 4713958129 composite?
False
Is 7340330903 prime?
True
Is 102189277549 a composite number?
False
Is 153696461 a prime number?
True
Is 34465217777 prime?
True
Is 7763708401 a composite number?
True
Is 5814151807 composite?
True
Is 110920363 composite?
False
Is 1103692217 a composite number?
True
Is 3287732999 a composite number?
True
Is 6124507115 a composite number?
True
Is 9840431 a prime number?
True
Is 1293681451 a composite number?
True
Is 13392089927 a prime number?
True
Is 506836541 composite?
True
Is 248556301 composite?
True
Is 545000171 prime?
True
Is 1913202901 prime?
True
Is 1415890631 a composite number?
False
Is 90752022041 a composite number?
False
Is 23902315427 composite?
False
Is 881814331 a prime number?
True
Is 69082738801 prime?
True
Is 463366583 composite?
True
Is 3443360533 a prime number?
False
Is 4519984181 composite?
True
Is 1977477367 a composite number?
True
Is 35658841 a composite number?
False
Is 156456329 a prime number?
False
Is 4883764817 a composite number?
True
Is 101447461 a composite number?
False
Is 2891904887 a prime number?
True
Is 17718386437 composite?
False
Is 729756723 prime?
False
Is 53710296971 composite?
True
Is 2180002127 a prime number?
True
Is 54502878503 composite?
False
Is 6607099241 a prime number?
True
Is 44262531589 a composite number?
False
Is 8071409635 a prime number?
False
Is 990750799 a composite number?
True
Is 1135256527 composite?
True
Is 153370111 composite?
False
Is 246998533 a prime number?
False
Is 64064683689 prime?
False
Is 87628007741 composite?
False
Is 7677231923 a composite number?
False
Is 603250306 composite?
True
Is 807796643 a prime number?
True
Is 3806921983 composite?
False
Is 369803443 composite?
False
Is 57916301 composite?
True
Is 758109041 prime?
True
Is 231168729203 prime?
False
Is 1067641417 composite?
False
Is 23220681521 composite?
True
Is 13482298441 prime?
True
Is 413615567 composite?
False
Is 58387320339 a prime number?
False
Is 2424208049 composite?
True
Is 708182971 prime?
False
Is 38295071393 composite?
False
Is 979907683 prime?
False
Is 5087645917 a prime number?
False
Is 2388933611 prime?
True
Is 3560643661 prime?
False
Is 7359416167 a prime number?
False
Is 1783944185 composite?
True
Is 208390237247 a prime number?
True
Is 30105761017 a prime number?
True
Is 167094413 composite?
False
Is 221028931 a prime number?
True
Is 339611411 a composite number?
True
Is 1891284557 composite?
False
Is 17552712649 a composite number?
True
Is 470201269 a prime number?
True
Is 7287700373 a prime number?
False
Is 575441957 a composite number?
False
Is 3401055577 a prime number?
False
Is 71932934017 a composite number?
True
Is 129082297217 a composite number?
True
Is 2636948003 prime?
False
Is 195444153715 prime?
False
Is 61633573 a prime number?
False
Is 1087078933 composite?
True
Is 87245936303 a prime number?
True
Is 96579919 a composite number?
True
Is 7055703365 a prime number?
False
Is 129580445977 a prime number?
True
Is 3182859703 a prime number?
True
Is 529566073 a prime number?
True
Is 400504987 prime?
True
Is 61110853 composite?
True
Is 8874692753 composite?
False
Is 51387448061 a prime number?
True
Is 232936910029 a prime number?
True
Is 2145324757 prime?
True
Is 42722848893 a composite number?
True
Is 22984893721 a prime number?
True
Is 256201877 a prime number?
True
Is 314014357 a prime number?
True
Is 30617263091 prime?
True
Is 3890957257 prime?
False
Is 1121836267 composite?
True
Is 29544721 a composite number?
False
Is 228680511019 a prime number?
False
Is 20535327443 composite?
False
Is 380170757 prime?
True
Is 71897973157 a composite number?
False
Is 4590095431 composite?
True
Is 337206649 prime?
False
Is 101404921 composite?
False
Is 731020513 a prime number?
True
Is 425311951 a prime number?
False
Is 3311386187 prime?
True
Is 49241132021 a composite number?
False
Is 14684017471 a composite number?
False
Is 347230937 composite?
False
Is 7849868561 prime?
True
Is 9490142801 composite?
True
Is 394179263 composite?
True
Is 217569797 composite?
True
Is 5802502681 a prime number?
False
Is 1882965638 composite?
True
Is 989787829 a prime number?
True
Is 2191068631 prime?
False
Is 784310533 prime?
True
Is 114048777589 a prime number?
True
Is 378012919 composite?
False
Is 3867865907 composite?
False
Is 22661319067 a prime number?
False
Is 472980793 a composite number?
False
Is 739318637 a prime number?
True
Is 21916584554 a prime number?
False
Is 69191701087 a prime number?
False
Is 159589336213 a composite number?
False
Is 572602255 prime?
False
Is 63310160301 a prime number?
False
Is 1167919205 a prime number?
False
Is 7419100109 composite?
False
Is 92683715 a composite number?
True
Is 976952589 prime?
False
Is 10547753141 a composite number?
False
Is 2632423765 composite?
True
Is 116692729 a composite number?
False
Is 115012477 composite?
True
Is 11642461583 a composite number?
True
Is 1032520231 a prime number?
False
Is 607868023 a composite number?
True
Is 245358959 prime?
True
Is 2240935171 a prime number?
False
Is 1720434341 prime?
True
Is 2450775731 prime?
False
Is 3921893399 prime?
True
Is 78720974561 a composite number?
False
Is 372732211 a prime number?
False
Is 1147334293 prime?
False
Is 108758959511 prime?
True
Is 29638074287 a composite number?
False
Is 26938159961 composite?
False
Is 363485729 composite?
False
Is 2455532363 prime?
True
Is 3740007419 composite?
True
Is 3586345363 a prime number?
True
Is 1507858409 prime?
False
Is 30676716047 composite?
True
Is 312870353 a prime number?
False
Is 12144149539 prime?
True
Is 870868961 composite?
False
Is 173283197 a composite number?
True
Is 88517000969 a prime number?
True
Is 94207198801 a prime number?
False
Is 9653899 a composite number?
False
Is 1878553 composite?
False
Is 46847792351 prime?
False
Is 754004047 prime?
True
Is 32561834313 prime?
False
Is 67198348519 a prime number?
True
Is 263767297 prime?
True
Is 28016356217 prime?
True
Is 339031007 prime?
False
Is 14191861687 prime?
False
Is 18158090543 composite?
True
Is 8796163 prime?
True
Is 2362860607 a prime number?
True
Is 3859933607 a prime number?
True
Is 252775739 composite?
False
Is 15386468329 composite?
False
Is 33623156337 a composite number?
True
Is 188713967 a composite number?
True
Is 1181401181 prime?
True
Is 153010556189 composite?
False
Is 380553259 composite?
False
Is 1538164597 prime?
False
Is 447248231 a composite number?
False
Is 13269332789 composite?
False
Is 55985261 a prime number?
True
Is 483140473 a prime number?
False
Is 24105170281 a prime number?
False
Is 48204175211 a prime number?
True
Is 43884697 composite?
True
Is 311848250767 prime?
False
Is 5975931187 composite?
False
Is 901